 prime factors of 4 - (3068/(-20) + p/(-5)).
157
Let i(l) = -85*l**3 + 2*l**2 - 16*l - 55. What are the prime factors of i(-5)?
2, 5, 107
Suppose 3*i + 761 = 2*a + 59, 0 = -3*a + i + 1039. Let y = 558 - a. What are the prime factors of y?
3, 71
Let h(y) = 52*y**2 + 8*y + 15. List the prime factors of h(-10).
5, 13, 79
Suppose -6 - 6 = -3*r. Let c(i) = -r*i**2 + 17*i**2 + 2*i - 10*i**2 + 35. What are the prime factors of c(6)?
5, 31
What are the prime factors of ((-3095)/(-5))/(18/126)?
7, 619
Let u(z) = 54057*z**3 + 5*z**2 - 8*z + 3. Let k be u(1). List the prime factors of k/(-74)*4/(-6).
487
Let w = -352 + 355. Suppose 0 = 5*q + 2*d - 700, 8*q - 735 = w*q + 5*d. What are the prime factors of q?
2, 71
Let u(y) = -92*y + 192. What are the prime factors of u(-21)?
2, 3, 59
Let s = -291 + 293. Suppose 0 = s*d + 31*d - 33594. What are the prime factors of d?
2, 509
Let x be ((-1)/2)/((-2)/(-12)). Let f(q) = q**3 - 2*q**2 - 3*q - 3. Let h be f(x). Let w = 190 + h. What are the prime factors of w?
151
Suppose 0*k + 6*a - 1674 = -k, -a = -4. What are the prime factors of k?
2, 3, 5, 11
Suppose -4*f + 1030 = -2330. Suppose 2*r + 4*r = f. Suppose -2*p = -5*t + 58 + 170, 2*p = 3*t - r. What are the prime factors of t?
2, 11
Suppose 48*u - 413519 = -13*u. What are the prime factors of u?
6779
Suppose -17334 = 14*m - 23824 - 128778. What are the prime factors of m?
2, 4831
Suppose 15405 + 12356 = 17*o. Suppose 6*r - 4529 = o. List the prime factors of r.
13, 79
Let u(k) be the third derivative of k**5/60 - k**4/8 - 3*k**3 + k**2 - 13*k. List the prime factors of u(13).
2, 7
Let v(i) = i**2 + 14*i - 3. Let o be v(-17). Let c = o + -46. Suppose 2*d + 29 = f + c*f, 0 = 3*f + d - 17. What are the prime factors of f?
7
Suppose 0*m + 5*m + 13 = -2*j, -3*j = 2*m - 8. Let i be (-21 + 31)/((j/14)/3). Let w = i + 23. What are the prime factors of w?
3, 31
What are the prime factors of 19418 + 45/9 + -10?
3, 719
Let b(g) be the second derivative of g**4/12 - 2*g**3 - 19*g**2/2 + 56*g. What are the prime factors of b(-8)?
3, 47
Let p(z) = 220*z + 2049. List the prime factors of p(115).
7, 3907
Suppose 0 = 4*q - 2*q + 5*u - 22675, -3*q + 34041 = -2*u. List the prime factors of q.
5, 2269
Suppose 2*s - 2 = 6. Suppose -4*i + 3036 = s*d, 2*i - 9 + 1 = 0. What are the prime factors of d?
5, 151
Let z = -21 - -31. Suppose -15*h - z*h = -12825. What are the prime factors of h?
3, 19
Let z(v) = v + 5. Let k be z(-2). Suppose 4*r - 479 - 231 = -2*o, k*r + 1464 = 4*o. What are the prime factors of o?
3, 11
Let m = -17327 + 29076. List the prime factors of m.
31, 379
Suppose -14 = 5*f - 12*f. Let z(q) = f*q + 37 - 32 + 51 - q. List the prime factors of z(-13).
43
Suppose 9*i = -i - 10. List the prime factors of (i + (-74)/6)/((-24)/216).
2, 3, 5
Let x be ((-334)/3 - 0)*(-180)/40. Suppose 3*a + 773 = 2*y - 242, y - x = -5*a. List the prime factors of y.
2, 11, 23
Suppose -4*s + 7504 = 4*s. List the prime factors of ((-264)/154)/((-4)/s).
2, 3, 67
List the prime factors of (-28)/((-140)/27675) - 6.
3, 19, 97
Suppose -11*b + 4434 = 3*i - 13*b, 3*i = -b + 4443. Let x = i - 563. List the prime factors of x.
7, 131
Let b(w) = w**2 - 161*w + 9324. What are the prime factors of b(0)?
2, 3, 7, 37
Let w = 3756 + -1971. Suppose -95*p + 94*p + w = 0. What are the prime factors of p?
3, 5, 7, 17
Let v = -2229 - 770. Let f = -1519 - v. Suppose 10*m - f = -140. What are the prime factors of m?
2, 67
What are the prime factors of ((-227)/5 - 1/1)/(2248/(-140500))?
2, 5, 29
Suppose -132*c + 995973 = -379731. List the prime factors of c.
2, 3, 193
Let h(k) = -4*k + 10*k**2 - 5 - 4*k**2 - 2*k**3 + 3*k**3 - 3*k**2. Let m be h(-5). What are the prime factors of 612/7 - (-15)/m?
3, 29
Suppose 2*d - 3*d + 8 = 0. Let c = -18 - -5. What are the prime factors of 152/3 - c/((-156)/d)?
2, 5
Let o be ((-88)/22)/(6/(-957)*-1). Let d = o + 2054. What are the prime factors of d?
2, 3, 59
Suppose 29 = 3*u + 68. Let k be (8/12)/(-2 + u/(-6)). Suppose -k*o + 5*o = 80. What are the prime factors of o?
2, 5
Let n(h) = -19*h**3 + 5*h**3 + 36 - 13*h + 17*h**2 + 4*h**3 + 9*h**3. List the prime factors of n(14).
2, 13, 17
Let h(n) = -160*n**3 + 10*n**2 + 7*n - 23. List the prime factors of h(-5).
2, 631
Let k(q) = -3*q - 5 - 29*q - 10*q - 3*q. Let h = 41 - 42. What are the prime factors of k(h)?
2, 5
Let u be (-64 + -1118)/(2/(-3)). Let s = -671 + u. What are the prime factors of s?
2, 19, 29
Suppose -9*w + 5*w = -8. Suppose -1 + 3 = -w*y + 2*v, 5*y + 5*v - 35 = 0. Suppose 2*p - 3*x = -0*p + 133, y*p + 3*x = 177. List the prime factors of p.
2, 31
Let u(d) = -702*d**3 + 5*d**2 - 8*d. Let i be u(1). Let b = -212 - i. What are the prime factors of b?
17, 29
Let v(m) = 2*m**2 + 42*m - 5. Let w be v(-21). What are the prime factors of (-5)/(-1) + (6140/(-4))/w?
2, 3, 13
Suppose -22335 = -c - 4*a, 33*a + 111822 = 5*c + 32*a. List the prime factors of c.
11, 19, 107
What are the prime factors of (-6)/4*(2272/(-3) + -4)?
2, 571
Suppose 77*d - 60510 = 28887. List the prime factors of d.
3, 43
Let v(l) = -l**2 - 27*l - 57. Let i be v(-26). List the prime factors of 4/((-16)/20) - i*11.
2, 3, 7
Suppose 47*r = 50*r - 42. Suppose 80 = 5*s - 5*j, 4*j + 8 = s - r. Suppose -8*o - 420 = -s*o. List the prime factors of o.
2, 5, 7
Let l(f) = 3740*f + 1323. What are the prime factors of l(5)?
20023
Let a(b) = 27*b**2 - 2*b - 17. Let x(c) = 41*c**2 - 4*c - 26. Let q(o) = 8*a(o) - 5*x(o). List the prime factors of q(-5).
3, 83
Suppose 2*x - 2557 = 4*b + 887, -b + 3454 = 2*x. Let c = x + -901. List the prime factors of c.
3, 5, 11
Suppose -3*f + 42117 = -3*a, -21*a + f - 28083 = -19*a. What are the prime factors of (-24)/168 - a/14?
17, 59
Let g = -1778 + 1014. Let f = -482 - g. Let q = f + -165. What are the prime factors of q?
3, 13
What are the prime factors of 680447/236 + 1/(-4)?
3, 31
Let x be 6 - (-769 + -5) - 0. Suppose -3*t = -2*g - x - 1244, -2702 = -4*t + g. List the prime factors of t.
2, 13
Let x(q) = -2*q**2 + 12*q + 14. Let l be x(7). Suppose 9 - 13 = -2*s, 3*o - 5*s - 2660 = l. List the prime factors of o.
2, 5, 89
Suppose -4*g - 31 = 29. Let y be 7 + g/5 + 5. Suppose y*f = 14*f - 680. What are the prime factors of f?
2, 17
Let l be (2/(-7))/(1/(-14)). Suppose -4*q = -0*q + 5*m - 21, 24 = 5*q + 4*m. What are the prime factors of (-674)/(-28)*q - l/14?
2, 3
Let g be 2/9 - (-7646)/18. Suppose 8*o - 3*o - g = 0. Suppose -2*t + o = -23. List the prime factors of t.
2, 3
Let i(s) = 2*s**2 - 4*s + 7. Let w be i(4). Suppose 0 = 25*k - w*k + 332. Let y = k - -247. What are the prime factors of y?
3
Let t(d) = -d**3 + 101*d**2 + 10*d + 801. What are the prime factors of t(101)?
1811
Let p be (-2 + -8 + 1)/((-4)/12). Let s = p - 132. List the prime factors of s/10*(-56)/12.
7
Suppose 0 = -3*p - 4*c + 282 + 1549, 3*p = 2*c + 1825. Let q = p - 1575. List the prime factors of q/(-27) - (-10)/45.
2, 3
Let v(w) = -2*w**3 + w**2 + 14*w - 10. Let b(q) = -7*q**2 - 4*q + 4. Let o be b(1). List the prime factors of v(o).
3, 11, 19
Let r(o) = -8*o**2 + 2*o + 6. Let j be r(3). What are the prime factors of 15/j - (-6501)/4?
5, 13
Suppose 0 = -4*d + 1 + 11. Let l(q) = -1 - 14*q**2 - 12*q + q**d - 13 - 8. What are the prime factors of l(15)?
23
Let n = 115 + -126. Let q(x) = -4*x**2 - 89*x - 6. List the prime factors of q(n).
3, 163
Let w(t) = -7*t - 33 + 171 - 12*t - 2*t + 245. What are the prime factors of w(-49)?
2, 353
Suppose 89*j = 52*j + 377*j - 4666840. List the prime factors of j.
2, 6863
Let s(h) = -5*h + 2. Let q be s(2). Let m(t) = -14*t - 2. Let c be m(q). Let a = c - 54. List the prime factors of a.
2, 7
Let x = -37956 - -66730. List the prime factors of x.
2, 14387
Let h = 94 + -92. Let f(j) = 8*j + 13 + 25 - 20*j**h + 19*j**2. List the prime factors of f(10).
2, 3
What are the prime factors of (-872)/(-1)*((-26)/(-247) + (-12524)/(-152))?
2, 3, 5, 11, 109
Let r(j) = j**2 + 5*j - 1. Let f be r(-7). Let g = -448 + 913. Suppose -18*h + g = -f*h. List the prime factors of h.
3, 31
Let y(x) = -441*x - 879. List the prime factors of y(-12).
3, 1471
Let o = 9296 - 3300. What are the prime factors of o?
2, 1499
Suppose 4*z - 3*q - 253 = 0, -4*z + 266 = 4*q + 6. What are the prime factors of -59 + z - (-394)/2?
2, 101
Suppose 284271 =